{"id":1083,"date":"2023-12-13T10:09:19","date_gmt":"2023-12-13T09:09:19","guid":{"rendered":"https:\/\/www.ladarsena.it\/?page_id=1083"},"modified":"2026-01-02T19:13:57","modified_gmt":"2026-01-02T18:13:57","slug":"webcam-en-direct","status":"publish","type":"page","link":"https:\/\/www.ladarsena.it\/fr\/webcam-en-direct\/","title":{"rendered":"Webcams en direct"},"content":{"rendered":"<p><div class=\"fusion-fullwidth fullwidth-box fusion-builder-row-1 fusion-flex-container has-pattern-background has-mask-background hundred-percent-fullwidth non-hundred-percent-height-scrolling fusion-no-medium-visibility fusion-no-large-visibility\" style=\"--awb-border-radius-top-left:0px;--awb-border-radius-top-right:0px;--awb-border-radius-bottom-right:0px;--awb-border-radius-bottom-left:0px;--awb-padding-right:0px;--awb-padding-bottom:0px;--awb-padding-left:0px;--awb-margin-bottom:0px;--awb-flex-wrap:wrap;\" ><div class=\"fusion-builder-row fusion-row fusion-flex-align-items-flex-start fusion-flex-content-wrap\" style=\"width:104% !important;max-width:104% !important;margin-left: calc(-4% \/ 2 );margin-right: calc(-4% \/ 2 );\"><div class=\"fusion-layout-column fusion_builder_column fusion-builder-column-0 fusion_builder_column_1_1 1_1 fusion-flex-column\" style=\"--awb-bg-size:cover;--awb-width-large:100%;--awb-margin-top-large:0px;--awb-spacing-right-large:1.92%;--awb-margin-bottom-large:0px;--awb-spacing-left-large:1.92%;--awb-width-medium:100%;--awb-order-medium:0;--awb-spacing-right-medium:1.92%;--awb-spacing-left-medium:1.92%;--awb-width-small:100%;--awb-order-small:1;--awb-spacing-right-small:1.92%;--awb-spacing-left-small:1.92%;\"><div class=\"fusion-column-wrapper fusion-column-has-shadow fusion-flex-justify-content-flex-start fusion-content-layout-column\"><a href=\"\/fr\/webcam\/embauches\/webcam-ladarsena.jpg\/\"><img class=\"lazyload\" decoding=\"async\" src=\"data:image\/gif;base64,R0lGODlhAQABAAAAACH5BAEKAAEALAAAAAABAAEAAAICTAEAOw==\" data-orig-src=\"\/webcam\/hd\/webcam-ladarsena.jpg\" alt=\"Web\u0441am La Darsena - Lac de C\u00f4me\" \/><\/a><\/div><\/div><\/div><\/div><div class=\"fusion-fullwidth fullwidth-box fusion-builder-row-2 fusion-flex-container has-pattern-background has-mask-background hundred-percent-fullwidth non-hundred-percent-height-scrolling fusion-no-small-visibility\" style=\"--awb-border-radius-top-left:0px;--awb-border-radius-top-right:0px;--awb-border-radius-bottom-right:0px;--awb-border-radius-bottom-left:0px;--awb-padding-right:0px;--awb-padding-bottom:0px;--awb-padding-left:0px;--awb-margin-bottom:0px;--awb-flex-wrap:wrap;\" ><div class=\"fusion-builder-row fusion-row fusion-flex-align-items-flex-start fusion-flex-content-wrap\" style=\"width:104% !important;max-width:104% !important;margin-left: calc(-4% \/ 2 );margin-right: calc(-4% \/ 2 );\"><div class=\"fusion-layout-column fusion_builder_column fusion-builder-column-1 fusion_builder_column_1_1 1_1 fusion-flex-column\" style=\"--awb-bg-size:cover;--awb-width-large:100%;--awb-margin-top-large:0px;--awb-spacing-right-large:1.92%;--awb-margin-bottom-large:0px;--awb-spacing-left-large:1.92%;--awb-width-medium:100%;--awb-order-medium:0;--awb-spacing-right-medium:1.92%;--awb-spacing-left-medium:1.92%;--awb-width-small:100%;--awb-order-small:1;--awb-spacing-right-small:1.92%;--awb-spacing-left-small:1.92%;\"><div class=\"fusion-column-wrapper fusion-column-has-shadow fusion-flex-justify-content-flex-start fusion-content-layout-column\"><a href=\"\/fr\/webcam\/embauches\/webcam-ladarsena.jpg\/\"><img class=\"lazyload\" decoding=\"async\" src=\"data:image\/gif;base64,R0lGODlhAQABAAAAACH5BAEKAAEALAAAAAABAAEAAAICTAEAOw==\" data-orig-src=\"\/webcam\/hd\/webcam-ladarsena.jpg\" alt=\"Web\u0441am La Darsena - Lac de C\u00f4me\" \/><\/a><\/div><\/div><\/div><\/div><div class=\"fusion-fullwidth fullwidth-box fusion-builder-row-3 fusion-flex-container has-pattern-background has-mask-background nonhundred-percent-fullwidth non-hundred-percent-height-scrolling\" style=\"--awb-border-radius-top-left:0px;--awb-border-radius-top-right:0px;--awb-border-radius-bottom-right:0px;--awb-border-radius-bottom-left:0px;--awb-padding-top-small:80px;--awb-padding-bottom-small:80px;--awb-min-height:350px;--awb-background-color:rgba(0,0,0,0.41);--awb-background-image:linear-gradient(41deg, #000000 0%,rgba(0,0,0,0.37) 48%);--awb-flex-wrap:wrap;\" ><div class=\"fusion-builder-row fusion-row fusion-flex-align-items-flex-start fusion-flex-align-content-center fusion-flex-content-wrap\" style=\"max-width:1248px;margin-left: calc(-4% \/ 2 );margin-right: calc(-4% \/ 2 );\"><div class=\"fusion-layout-column fusion_builder_column fusion-builder-column-2 fusion_builder_column_1_1 1_1 fusion-flex-column\" style=\"--awb-bg-size:cover;--awb-width-large:100%;--awb-margin-top-large:0px;--awb-spacing-right-large:1.92%;--awb-margin-bottom-large:20px;--awb-spacing-left-large:1.92%;--awb-width-medium:100%;--awb-order-medium:0;--awb-spacing-right-medium:1.92%;--awb-spacing-left-medium:1.92%;--awb-width-small:100%;--awb-order-small:0;--awb-spacing-right-small:1.92%;--awb-spacing-left-small:1.92%;\"><div class=\"fusion-column-wrapper fusion-column-has-shadow fusion-flex-justify-content-flex-start fusion-content-layout-column\"><div class=\"fusion-title title fusion-title-1 fusion-sep-none fusion-title-text fusion-title-size-one\" style=\"--awb-text-color:var(--awb-color1);--awb-font-size:50px;\"><h1 class=\"fusion-title-heading title-heading-left\" style=\"margin:0;font-size:1em;\">Webcam Lac de C\u00f4me<\/h1><\/div><div class=\"fusion-title title fusion-title-2 fusion-sep-none fusion-title-text fusion-title-size-four\" style=\"--awb-text-color:var(--awb-color1);\"><h4 class=\"fusion-title-heading title-heading-left\" style=\"margin:0;\">Depuis la terrasse de l&#039;H\u00f4tel Restaurant La Darsena, vous pourrez admirer les montagnes entourant le lac de C\u00f4me et les villages environnants dont Bellagio. Le panorama \u00e0 180\u00b0 vous permet d&#039;observer de merveilleux couchers de soleil et ciels \u00e9toil\u00e9s qui accompagneront vos soir\u00e9es.<\/h4><\/div><\/div><\/div><\/div><\/div><\/p>","protected":false},"excerpt":{"rendered":"","protected":false},"author":1,"featured_media":0,"parent":0,"menu_order":0,"comment_status":"closed","ping_status":"closed","template":"100-width.php","meta":{"_joinchat":[],"footnotes":""},"class_list":["post-1083","page","type-page","status-publish","hentry"],"yoast_head":"<!-- This site is optimized with the Yoast SEO plugin v27.5 - https:\/\/yoast.com\/product\/yoast-seo-wordpress\/ -->\n<title>Webcam Lago di Como - Tremezzo - La Darsena<\/title>\n<meta name=\"description\" content=\"Webcam Lago di Como, informazioni in tempo reale sul meteo nella zona di Tremezzo con vista sul promontorio di Bellagio. La Darsena.\" \/>\n<meta name=\"robots\" content=\"index, follow, max-snippet:-1, max-image-preview:large, max-video-preview:-1\" \/>\n<link rel=\"canonical\" href=\"https:\/\/www.ladarsena.it\/fr\/webcam-en-direct\/\" \/>\n<meta property=\"og:locale\" content=\"fr_FR\" \/>\n<meta property=\"og:type\" content=\"article\" \/>\n<meta property=\"og:title\" content=\"Webcam Lago di Como - Tremezzo - La Darsena\" \/>\n<meta property=\"og:description\" content=\"Webcam Lago di Como, informazioni in tempo reale sul meteo nella zona di Tremezzo con vista sul promontorio di Bellagio. La Darsena.\" \/>\n<meta property=\"og:url\" content=\"https:\/\/www.ladarsena.it\/fr\/webcam-en-direct\/\" \/>\n<meta property=\"og:site_name\" content=\"La Darsena\" \/>\n<meta property=\"article:modified_time\" content=\"2026-01-02T18:13:57+00:00\" \/>\n<meta name=\"twitter:card\" content=\"summary_large_image\" \/>\n<meta name=\"twitter:label1\" content=\"Dur\u00e9e de lecture estim\u00e9e\" \/>\n\t<meta name=\"twitter:data1\" content=\"1 minute\" \/>\n<script type=\"application\/ld+json\" class=\"yoast-schema-graph\">{\"@context\":\"https:\\\/\\\/schema.org\",\"@graph\":[{\"@type\":\"WebPage\",\"@id\":\"https:\\\/\\\/www.ladarsena.it\\\/webcam-lago-di-como\\\/\",\"url\":\"https:\\\/\\\/www.ladarsena.it\\\/webcam-lago-di-como\\\/\",\"name\":\"Webcam Lago di Como - Tremezzo - La Darsena\",\"isPartOf\":{\"@id\":\"https:\\\/\\\/www.ladarsena.it\\\/#website\"},\"datePublished\":\"2023-12-13T09:09:19+00:00\",\"dateModified\":\"2026-01-02T18:13:57+00:00\",\"description\":\"Webcam Lago di Como, informazioni in tempo reale sul meteo nella zona di Tremezzo con vista sul promontorio di Bellagio. La Darsena.\",\"breadcrumb\":{\"@id\":\"https:\\\/\\\/www.ladarsena.it\\\/webcam-lago-di-como\\\/#breadcrumb\"},\"inLanguage\":\"fr-FR\",\"potentialAction\":[{\"@type\":\"ReadAction\",\"target\":[\"https:\\\/\\\/www.ladarsena.it\\\/webcam-lago-di-como\\\/\"]}]},{\"@type\":\"BreadcrumbList\",\"@id\":\"https:\\\/\\\/www.ladarsena.it\\\/webcam-lago-di-como\\\/#breadcrumb\",\"itemListElement\":[{\"@type\":\"ListItem\",\"position\":1,\"name\":\"Home\",\"item\":\"https:\\\/\\\/www.ladarsena.it\\\/\"},{\"@type\":\"ListItem\",\"position\":2,\"name\":\"Live Webcam\"}]},{\"@type\":\"WebSite\",\"@id\":\"https:\\\/\\\/www.ladarsena.it\\\/#website\",\"url\":\"https:\\\/\\\/www.ladarsena.it\\\/\",\"name\":\"La Darsena\",\"description\":\"\",\"publisher\":{\"@id\":\"https:\\\/\\\/www.ladarsena.it\\\/#organization\"},\"potentialAction\":[{\"@type\":\"SearchAction\",\"target\":{\"@type\":\"EntryPoint\",\"urlTemplate\":\"https:\\\/\\\/www.ladarsena.it\\\/?s={search_term_string}\"},\"query-input\":{\"@type\":\"PropertyValueSpecification\",\"valueRequired\":true,\"valueName\":\"search_term_string\"}}],\"inLanguage\":\"fr-FR\"},{\"@type\":\"Organization\",\"@id\":\"https:\\\/\\\/www.ladarsena.it\\\/#organization\",\"name\":\"La Darsena\",\"url\":\"https:\\\/\\\/www.ladarsena.it\\\/\",\"logo\":{\"@type\":\"ImageObject\",\"inLanguage\":\"fr-FR\",\"@id\":\"https:\\\/\\\/www.ladarsena.it\\\/#\\\/schema\\\/logo\\\/image\\\/\",\"url\":\"https:\\\/\\\/www.ladarsena.it\\\/wp-content\\\/uploads\\\/2023\\\/12\\\/logo-la-darsena.png\",\"contentUrl\":\"https:\\\/\\\/www.ladarsena.it\\\/wp-content\\\/uploads\\\/2023\\\/12\\\/logo-la-darsena.png\",\"width\":260,\"height\":70,\"caption\":\"La Darsena\"},\"image\":{\"@id\":\"https:\\\/\\\/www.ladarsena.it\\\/#\\\/schema\\\/logo\\\/image\\\/\"},\"sameAs\":[\"https:\\\/\\\/www.instagram.com\\\/ladarsenatremezzo\\\/\"]}]}<\/script>\n<!-- \/ Yoast SEO plugin. -->","yoast_head_json":{"title":"Web\u0441am Lac de C\u00f4me - Tremezzo - La Darsena","description":"Webcam Lac de C\u00f4me, informations en temps r\u00e9el sur la m\u00e9t\u00e9o de la r\u00e9gion de Tremezzo avec vue sur le promontoire du Bellagio. La Darsena.","robots":{"index":"index","follow":"follow","max-snippet":"max-snippet:-1","max-image-preview":"max-image-preview:large","max-video-preview":"max-video-preview:-1"},"canonical":"https:\/\/www.ladarsena.it\/fr\/webcam-en-direct\/","og_locale":"fr_FR","og_type":"article","og_title":"Webcam Lago di Como - Tremezzo - La Darsena","og_description":"Webcam Lago di Como, informazioni in tempo reale sul meteo nella zona di Tremezzo con vista sul promontorio di Bellagio. La Darsena.","og_url":"https:\/\/www.ladarsena.it\/fr\/webcam-en-direct\/","og_site_name":"La Darsena","article_modified_time":"2026-01-02T18:13:57+00:00","twitter_card":"summary_large_image","twitter_misc":{"Dur\u00e9e de lecture estim\u00e9e":"1 minute"},"schema":{"@context":"https:\/\/schema.org","@graph":[{"@type":"WebPage","@id":"https:\/\/www.ladarsena.it\/webcam-lago-di-como\/","url":"https:\/\/www.ladarsena.it\/webcam-lago-di-como\/","name":"Web\u0441am Lac de C\u00f4me - Tremezzo - La Darsena","isPartOf":{"@id":"https:\/\/www.ladarsena.it\/#website"},"datePublished":"2023-12-13T09:09:19+00:00","dateModified":"2026-01-02T18:13:57+00:00","description":"Webcam Lac de C\u00f4me, informations en temps r\u00e9el sur la m\u00e9t\u00e9o de la r\u00e9gion de Tremezzo avec vue sur le promontoire du Bellagio. La Darsena.","breadcrumb":{"@id":"https:\/\/www.ladarsena.it\/webcam-lago-di-como\/#breadcrumb"},"inLanguage":"fr-FR","potentialAction":[{"@type":"ReadAction","target":["https:\/\/www.ladarsena.it\/webcam-lago-di-como\/"]}]},{"@type":"BreadcrumbList","@id":"https:\/\/www.ladarsena.it\/webcam-lago-di-como\/#breadcrumb","itemListElement":[{"@type":"ListItem","position":1,"name":"Home","item":"https:\/\/www.ladarsena.it\/"},{"@type":"ListItem","position":2,"name":"Live Webcam"}]},{"@type":"WebSite","@id":"https:\/\/www.ladarsena.it\/#website","url":"https:\/\/www.ladarsena.it\/","name":"La Darsena","description":"","publisher":{"@id":"https:\/\/www.ladarsena.it\/#organization"},"potentialAction":[{"@type":"SearchAction","target":{"@type":"EntryPoint","urlTemplate":"https:\/\/www.ladarsena.it\/?s={search_term_string}"},"query-input":{"@type":"PropertyValueSpecification","valueRequired":true,"valueName":"search_term_string"}}],"inLanguage":"fr-FR"},{"@type":"Organization","@id":"https:\/\/www.ladarsena.it\/#organization","name":"La Darsena","url":"https:\/\/www.ladarsena.it\/","logo":{"@type":"ImageObject","inLanguage":"fr-FR","@id":"https:\/\/www.ladarsena.it\/#\/schema\/logo\/image\/","url":"https:\/\/www.ladarsena.it\/wp-content\/uploads\/2023\/12\/logo-la-darsena.png","contentUrl":"https:\/\/www.ladarsena.it\/wp-content\/uploads\/2023\/12\/logo-la-darsena.png","width":260,"height":70,"caption":"La Darsena"},"image":{"@id":"https:\/\/www.ladarsena.it\/#\/schema\/logo\/image\/"},"sameAs":["https:\/\/www.instagram.com\/ladarsenatremezzo\/"]}]}},"_links":{"self":[{"href":"https:\/\/www.ladarsena.it\/fr\/wp-json\/wp\/v2\/pages\/1083","targetHints":{"allow":["GET"]}}],"collection":[{"href":"https:\/\/www.ladarsena.it\/fr\/wp-json\/wp\/v2\/pages"}],"about":[{"href":"https:\/\/www.ladarsena.it\/fr\/wp-json\/wp\/v2\/types\/page"}],"author":[{"embeddable":true,"href":"https:\/\/www.ladarsena.it\/fr\/wp-json\/wp\/v2\/users\/1"}],"replies":[{"embeddable":true,"href":"https:\/\/www.ladarsena.it\/fr\/wp-json\/wp\/v2\/comments?post=1083"}],"version-history":[{"count":13,"href":"https:\/\/www.ladarsena.it\/fr\/wp-json\/wp\/v2\/pages\/1083\/revisions"}],"predecessor-version":[{"id":1609,"href":"https:\/\/www.ladarsena.it\/fr\/wp-json\/wp\/v2\/pages\/1083\/revisions\/1609"}],"wp:attachment":[{"href":"https:\/\/www.ladarsena.it\/fr\/wp-json\/wp\/v2\/media?parent=1083"}],"curies":[{"name":"wp","href":"https:\/\/api.w.org\/{rel}","templated":true}]}}

<p><div class="fusion-fullwidth fullwidth-box fusion-builder-row-1 fusion-flex-container has-pattern-background has-mask-background hundred-percent-fullwidth non-hundred-percent-height-scrolling fusion-no-medium-visibility fusion-no-large-visibility" style="--awb-border-radius-top-left:0px;--awb-border-radius-top-right:0px;--awb-border-radius-bottom-right:0px;--awb-border-radius-bottom-left:0px;--awb-padding-right:0px;--awb-padding-bottom:0px;--awb-padding-left:0px;--awb-margin-bottom:0px;--awb-flex-wrap:wrap;" ><div class="fusion-builder-row fusion-row fusion-flex-align-items-flex-start fusion-flex-content-wrap" style="width:104% !important;max-width:104% !important;margin-left: calc(-4% / 2 );margin-right: calc(-4% / 2 );"><div class="fusion-layout-column fusion_builder_column fusion-builder-column-0 fusion_builder_column_1_1 1_1 fusion-flex-column" style="--awb-bg-size:cover;--awb-width-large:100%;--awb-margin-top-large:0px;--awb-spacing-right-large:1.92%;--awb-margin-bottom-large:0px;--awb-spacing-left-large:1.92%;--awb-width-medium:100%;--awb-order-medium:0;--awb-spacing-right-medium:1.92%;--awb-spacing-left-medium:1.92%;--awb-width-small:100%;--awb-order-small:1;--awb-spacing-right-small:1.92%;--awb-spacing-left-small:1.92%;"><div class="fusion-column-wrapper fusion-column-has-shadow fusion-flex-justify-content-flex-start fusion-content-layout-column"><a href="/fr/webcam/embauches/webcam-ladarsena.jpg/"><img class="lazyload" decoding="async" src="data:image/gif;base64,R0lGODlhAQABAAAAACH5BAEKAAEALAAAAAABAAEAAAICTAEAOw==" data-orig-src="/webcam/hd/webcam-ladarsena.jpg" alt="Webсam La Darsena - Lac de Côme" /></a></div></div></div></div><div class="fusion-fullwidth fullwidth-box fusion-builder-row-2 fusion-flex-container has-pattern-background has-mask-background hundred-percent-fullwidth non-hundred-percent-height-scrolling fusion-no-small-visibility" style="--awb-border-radius-top-left:0px;--awb-border-radius-top-right:0px;--awb-border-radius-bottom-right:0px;--awb-border-radius-bottom-left:0px;--awb-padding-right:0px;--awb-padding-bottom:0px;--awb-padding-left:0px;--awb-margin-bottom:0px;--awb-flex-wrap:wrap;" ><div class="fusion-builder-row fusion-row fusion-flex-align-items-flex-start fusion-flex-content-wrap" style="width:104% !important;max-width:104% !important;margin-left: calc(-4% / 2 );margin-right: calc(-4% / 2 );"><div class="fusion-layout-column fusion_builder_column fusion-builder-column-1 fusion_builder_column_1_1 1_1 fusion-flex-column" style="--awb-bg-size:cover;--awb-width-large:100%;--awb-margin-top-large:0px;--awb-spacing-right-large:1.92%;--awb-margin-bottom-large:0px;--awb-spacing-left-large:1.92%;--awb-width-medium:100%;--awb-order-medium:0;--awb-spacing-right-medium:1.92%;--awb-spacing-left-medium:1.92%;--awb-width-small:100%;--awb-order-small:1;--awb-spacing-right-small:1.92%;--awb-spacing-left-small:1.92%;"><div class="fusion-column-wrapper fusion-column-has-shadow fusion-flex-justify-content-flex-start fusion-content-layout-column"><a href="/fr/webcam/embauches/webcam-ladarsena.jpg/"><img class="lazyload" decoding="async" src="data:image/gif;base64,R0lGODlhAQABAAAAACH5BAEKAAEALAAAAAABAAEAAAICTAEAOw==" data-orig-src="/webcam/hd/webcam-ladarsena.jpg" alt="Webсam La Darsena - Lac de Côme" /></a></div></div></div></div><div class="fusion-fullwidth fullwidth-box fusion-builder-row-3 fusion-flex-container has-pattern-background has-mask-background nonhundred-percent-fullwidth non-hundred-percent-height-scrolling" style="--awb-border-radius-top-left:0px;--awb-border-radius-top-right:0px;--awb-border-radius-bottom-right:0px;--awb-border-radius-bottom-left:0px;--awb-padding-top-small:80px;--awb-padding-bottom-small:80px;--awb-min-height:350px;--awb-background-color:rgba(0,0,0,0.41);--awb-background-image:linear-gradient(41deg, #000000 0%,rgba(0,0,0,0.37) 48%);--awb-flex-wrap:wrap;" ><div class="fusion-builder-row fusion-row fusion-flex-align-items-flex-start fusion-flex-align-content-center fusion-flex-content-wrap" style="max-width:1248px;margin-left: calc(-4% / 2 );margin-right: calc(-4% / 2 );"><div class="fusion-layout-column fusion_builder_column fusion-builder-column-2 fusion_builder_column_1_1 1_1 fusion-flex-column" style="--awb-bg-size:cover;--awb-width-large:100%;--awb-margin-top-large:0px;--awb-spacing-right-large:1.92%;--awb-margin-bottom-large:20px;--awb-spacing-left-large:1.92%;--awb-width-medium:100%;--awb-order-medium:0;--awb-spacing-right-medium:1.92%;--awb-spacing-left-medium:1.92%;--awb-width-small:100%;--awb-order-small:0;--awb-spacing-right-small:1.92%;--awb-spacing-left-small:1.92%;"><div class="fusion-column-wrapper fusion-column-has-shadow fusion-flex-justify-content-flex-start fusion-content-layout-column"><div class="fusion-title title fusion-title-1 fusion-sep-none fusion-title-text fusion-title-size-one" style="--awb-text-color:var(--awb-color1);--awb-font-size:50px;"><h1 class="fusion-title-heading title-heading-left" style="margin:0;font-size:1em;">Webcam Lac de Côme</h1></div><div class="fusion-title title fusion-title-2 fusion-sep-none fusion-title-text fusion-title-size-four" style="--awb-text-color:var(--awb-color1);"><h4 class="fusion-title-heading title-heading-left" style="margin:0;">Depuis la terrasse de l&#039;Hôtel Restaurant La Darsena, vous pourrez admirer les montagnes entourant le lac de Côme et les villages environnants dont Bellagio. Le panorama à 180° vous permet d&#039;observer de merveilleux couchers de soleil et ciels étoilés qui accompagneront vos soirées.</h4></div></div></div></div></div></p>

<!-- This site is optimized with the Yoast SEO plugin v27.5 - https://yoast.com/product/yoast-seo-wordpress/ -->
<title>Webcam Lago di Como - Tremezzo - La Darsena</title>
<meta name="description" content="Webcam Lago di Como, informazioni in tempo reale sul meteo nella zona di Tremezzo con vista sul promontorio di Bellagio. La Darsena." />
<meta name="robots" content="index, follow, max-snippet:-1, max-image-preview:large, max-video-preview:-1" />
<link rel="canonical" href="https://www.ladarsena.it/fr/webcam-en-direct/" />
<meta property="og:locale" content="fr_FR" />
<meta property="og:type" content="article" />
<meta property="og:title" content="Webcam Lago di Como - Tremezzo - La Darsena" />
<meta property="og:description" content="Webcam Lago di Como, informazioni in tempo reale sul meteo nella zona di Tremezzo con vista sul promontorio di Bellagio. La Darsena." />
<meta property="og:url" content="https://www.ladarsena.it/fr/webcam-en-direct/" />
<meta property="og:site_name" content="La Darsena" />
<meta property="article:modified_time" content="2026-01-02T18:13:57+00:00" />
<meta name="twitter:card" content="summary_large_image" />
<meta name="twitter:label1" content="Durée de lecture estimée" />
	<meta name="twitter:data1" content="1 minute" />
<script type="application/ld+json" class="yoast-schema-graph">{"@context":"https:\/\/schema.org","@graph":[{"@type":"WebPage","@id":"https:\/\/www.ladarsena.it\/webcam-lago-di-como\/","url":"https:\/\/www.ladarsena.it\/webcam-lago-di-como\/","name":"Webcam Lago di Como - Tremezzo - La Darsena","isPartOf":{"@id":"https:\/\/www.ladarsena.it\/#website"},"datePublished":"2023-12-13T09:09:19+00:00","dateModified":"2026-01-02T18:13:57+00:00","description":"Webcam Lago di Como, informazioni in tempo reale sul meteo nella zona di Tremezzo con vista sul promontorio di Bellagio. La Darsena.","breadcrumb":{"@id":"https:\/\/www.ladarsena.it\/webcam-lago-di-como\/#breadcrumb"},"inLanguage":"fr-FR","potentialAction":[{"@type":"ReadAction","target":["https:\/\/www.ladarsena.it\/webcam-lago-di-como\/"]}]},{"@type":"BreadcrumbList","@id":"https:\/\/www.ladarsena.it\/webcam-lago-di-como\/#breadcrumb","itemListElement":[{"@type":"ListItem","position":1,"name":"Home","item":"https:\/\/www.ladarsena.it\/"},{"@type":"ListItem","position":2,"name":"Live Webcam"}]},{"@type":"WebSite","@id":"https:\/\/www.ladarsena.it\/#website","url":"https:\/\/www.ladarsena.it\/","name":"La Darsena","description":"","publisher":{"@id":"https:\/\/www.ladarsena.it\/#organization"},"potentialAction":[{"@type":"SearchAction","target":{"@type":"EntryPoint","urlTemplate":"https:\/\/www.ladarsena.it\/?s={search_term_string}"},"query-input":{"@type":"PropertyValueSpecification","valueRequired":true,"valueName":"search_term_string"}}],"inLanguage":"fr-FR"},{"@type":"Organization","@id":"https:\/\/www.ladarsena.it\/#organization","name":"La Darsena","url":"https:\/\/www.ladarsena.it\/","logo":{"@type":"ImageObject","inLanguage":"fr-FR","@id":"https:\/\/www.ladarsena.it\/#\/schema\/logo\/image\/","url":"https:\/\/www.ladarsena.it\/wp-content\/uploads\/2023\/12\/logo-la-darsena.png","contentUrl":"https:\/\/www.ladarsena.it\/wp-content\/uploads\/2023\/12\/logo-la-darsena.png","width":260,"height":70,"caption":"La Darsena"},"image":{"@id":"https:\/\/www.ladarsena.it\/#\/schema\/logo\/image\/"},"sameAs":["https:\/\/www.instagram.com\/ladarsenatremezzo\/"]}]}</script>
<!-- / Yoast SEO plugin. -->

Webсam Lac de Côme - Tremezzo - La Darsena

Webcam Lac de Côme, informations en temps réel sur la météo de la région de Tremezzo avec vue sur le promontoire du Bellagio. La Darsena.
